 - 11*r - 33. Let y = 705 - 697. What is m(y)?
7
Suppose -229*b + 269*b = 0. Let z(i) be the third derivative of -5/24*i**4 + 0*i + 1/12*i**5 + 9*i**2 - 1/120*i**6 + 1/3*i**3 + b. Determine z(3).
5
Let m(i) = 9*i**3 - 2*i**2 - 2*i - 1. Let z be (56/21)/((-2120)/(-708) + -3). Let o = z + 471. Determine m(o).
-10
Let y be (-10)/45*(-1 - 8). Let n(g) be the first derivative of -g + 28 + 5/2*g**y. Determine n(-1).
-6
Suppose -124*r + 189 = -103*r. Let s(d) = -d**2 + 10*d + 5. Let l(z) = -1. Let u(h) = -4*l(h) + s(h). Determine u(r).
18
Suppose -7*j + 25*j - 54 = 0. Let f(g) = -4*g + g**j + 73*g**2 + 80*g**2 - 147*g**2. Determine f(-7).
-21
Let j(r) = -17*r**2 - 12*r - 17. Let y(f) = -48*f**2 - 36*f - 52. Let p(m) = 17*j(m) - 6*y(m). Calculate p(15).
-22
Let t = -4662 - -4665. Let j(w) = -w**3 + 3*w**2 + 4*w - 3. Give j(t).
9
Let v(d) = 2*d**2 - 2*d - 32. Suppose -26*o = -50*o - 37*o + 366. What is v(o)?
28
Let r(y) be the third derivative of -y**6/120 + y**5/6 - 7*y**4/12 + 2*y**3/3 + 1923*y**2. Give r(8).
20
Let s(l) = l**2 - 18*l + 2. Let v(r) = 9*r**2 + 18*r + 26. Let x be v(-1). Determine s(x).
-15
Let v(n) = 4*n**3 + 6*n**2 + 1. Let t(w) be the first derivative of 7*w**4/4 + 10*w**3/3 + 3*w + 41. Let z(o) = 3*t(o) - 5*v(o). Determine z(3).
31
Let p(l) be the second derivative of l**5/4 + l**2/2 - 9*l. Let m(c) = -4*c + 63. Let s be m(16). What is p(s)?
-4
Suppose 5*a = -3*f - 0*a, -f - 3*a = -4. Let w(k) be the third derivative of -k**5/30 - k**4/3 + 2*k**3/3 + 5421*k**2 - 7*k. Calculate w(f).
-6
Let j(g) = g**2 - g - 1. Let m be 11/(-1)*(-33 - -32). Suppose m*s + 0*s = 1617. Let h = 145 - s. Determine j(h).
5
Let y(l) = -4*l - 22. Let c be y(-5). Let a be ((-1)/(-2))/((-15)/6 - c). Let n(v) = -145*v + 3 + 70*v + 72*v - 3. Give n(a).
3
Let g(h) be the third derivative of 22*h**2 + 1/6*h**3 + 0*h**5 + 0*h + 1/120*h**6 + 0*h**4 + 0. Give g(1).
2
Let q(g) = -55235 - g + 55235. Let o(m) = m**3 - 2*m**2 + m + 1. Let h be o(2). Determine q(h).
-3
Let u(b) = 10*b - 26. Let g be u(6). Let i be ((-136)/48)/(-17) - g/(-12). Let c(z) = -19 - z**3 - 12 + 42 + i*z - 10 + 2*z**2. Determine c(-2).
11
Let u(w) = w**2 + 10*w - 25. Suppose -301*o + 248*o - 689 = 0. Give u(o).
14
Let h(j) be the first derivative of 3*j**2/2 + 71*j - 8569. Calculate h(-23).
2
Let h(v) be the first derivative of -5*v**3/3 + 4*v**2 - 2*v + 53. Let i(x) = -7*x**2 + 8*x - 2. Let l(p) = -3*h(p) + 2*i(p). Give l(4).
-14
Let t(y) be the second derivative of y**8/6720 - y**7/630 - y**6/360 + y**5/24 - 103*y**4/6 + 2*y - 1. Let i(z) be the third derivative of t(z). Determine i(4).
-3
Suppose -2*a + 104 = -0. Let k be ((-4)/(-10))/(a/910). Let w(p) be the third derivative of -p**5/60 + p**4/3 + p**3/3 - 3*p**2. Determine w(k).
9
Let j(v) = -v**2 - 5*v - 6. Suppose 4*q - 8 = -2*o - 6, 5*q = -4*o + 7. Let u be -7 + 4/(1 - q). Determine j(u).
-6
Let o = -1597 + 2418. Let c = o + -827. Let q(g) = -3*g - 15. Give q(c).
3
Let m(a) = -a - 9 + 7 + 0*a - 66 - 8*a. Give m(-8).
4
Suppose x - 1671*d + 1674*d = 16, -35 = -5*d. Let c(f) = 39*f + 195. Give c(x).
0
Let o(y) = 3*y - 5*y + 4*y - 8. Let c(w) = 4*w**3 - 207*w**2 + 356*w - 300. Let p be c(50). Determine o(p).
-8
Let m(f) be the third derivative of -f**4/6 + 5*f**3/2 + 1781*f**2. Calculate m(3).
3
Suppose 3*c - 4*l = 157, -6*c + 11*c = -5*l + 285. Let w = -65 + c. Let k(o) = -o - 3. Give k(w).
7
Suppose 5*t - 170 - 75 = 0. Suppose -9 = 52*u - t*u. Let q(s) = -s**2 - 4*s - 1. Determine q(u).
2
Let i(b) = -3*b - b**2 + 6 + 3*b. Let f be -53 - (-5797)/102 - (-1)/6. Determine i(f).
-10
Suppose -r - 2*t + 0*t = 149, 0 = 4*r - 5*t + 609. Let d = r + 154. Let q(j) = j**2 - 2*j. Determine q(d).
3
Let g(h) = -h**3 - 9*h**2 + 13*h + 36. Let k be (-35*28/(-686))/(5 + (-36)/7). Determine g(k).
6
Let j = 9 - 13. Let k(a) be the first derivative of -a**2/2 - 6*a + 260. Let r be k(j). Let h(y) = -y**3 - 3*y**2 + 3*y + 2. Give h(r).
-8
Let p be (144/(-45) + 3)*-5. Let r be ((-9)/p)/27*-3. Let k(s) = -2*s**2 + 2*s - 1. Calculate k(r).
-1
Suppose 2 = r + 3. Let a = -541 - -546. Let m(j) = 17*j - 6. Let q(u) = 16*u - 5. Let p(n) = a*m(n) - 6*q(n). Determine p(r).
11
Let k(i) be the second derivative of i**4/12 + 5*i**3/2 + 29*i**2/2 + 10*i + 69. Calculate k(-12).
-7
Let m(r) = 101*r + 57. Let w(s) = -21*s - 11. Let h(y) = -4*m(y) - 19*w(y). Give h(0).
-19
Let m(f) = 17*f - 40. Let w(d) = -11*d + 26. Let o(i) = 5*m(i) + 8*w(i). What is o(-20)?
68
Let s(n) be the second derivative of -n**4/12 - 29*n**3/6 - 6*n**2 + 3192*n. Calculate s(-27).
42
Let v = -6 - -1. Let d(q) = -6*q**2 - 47 - 16 + 7*q**2 + 6*q + 63. Determine d(v).
-5
Let p(o) = -59*o + 1300. Let z be p(22). Let d(n) = -23*n + 37. Calculate d(z).
-9
Let z(a) = -15*a - 59. Suppose 4*s - 4*o + 8 = 0, 5*s - 17*o = -22*o - 20. Give z(s).
-14
Let c(m) be the first derivative of -7*m**2/2 + 49*m - 227. Determine c(6).
7
Let k(y) = -7*y**2 + 19*y - 1. Let r(l) = 4*l**2 - 10*l + 1. Let v(i) = -6*i**3 - i - 2. Let n = 20 - 21. Let m be v(n). Let c(d) = m*r(d) + 3*k(d). Give c(6).
8
Let a(g) be the second derivative of 1/6*g**3 + 0 + 87*g - g**2. Determine a(-6).
-8
Let d(a) = 291 - 2*a**2 + 5*a + 3*a**2 - 155 - 136. Let p be 10 + 1 + 0 - -1. Suppose 6*s - 3*s = -p. Calculate d(s).
-4
Let i(f) = f**2 - 11*f - 8. Suppose 12*r + 14*r - 234 = 0. What is i(r)?
-26
Let c(l) be the first derivative of l**4/4 - 2*l**3 + 7*l**2/2 - 5*l + 22. Let g = 24 - 19. Suppose 0 = -5*i + g*o + 5, 5*o - 36 = -4*i + o. Calculate c(i).
5
Let j(p) = p - p**2 + 6 + 0*p**2 - 35*p + 27*p. Let l = 5 - 10. What is j(l)?
16
Let u(s) = -12*s - 2. Let q(g) = -19*g + 58. Let h be q(3). Give u(h).
-14
Let z(w) be the second derivative of 5*w**3/6 - 9*w**2/2 + 116*w - 3. What is z(-3)?
-24
Let h(t) = t**3 + 28*t**2 - 2*t - 55. Let p be h(-28). Let s(a) = 26*a - 31*a - p - 4. Determine s(-6).
25
Let k(a) = -4*a - 2. Let b(n) = 5*n + 1. Let c(f) = 3*b(f) + 4*k(f). Let d be (3 + -3)/10 - 18/3. What is c(d)?
1
Let f(u) be the first derivative of -u**4/4 + 2*u**3/3 + 3*u**2 - u + 4648. What is f(4)?
-9
Let w(k) = k**2 + 73 - 2*k - k - 74. Let r(o) = 5*o**2 - 12*o - 15. Let b(d) = -r(d) + 6*w(d). Give b(5).
4
Let m(x) = 99*x**2 + 3*x - 4 - 115*x**2 + 17*x**2. Suppose 4 = y + y. Give m(y).
6
Let a(p) = 53*p - 94. Let o be a(3). Let z(w) = -6 - o*w + w**2 + 71*w - 16. Give z(-9).
5
Let p(j) = -5*j + 2. Let b(q) = -4*q + 1. Let s(m) = -3*b(m) + 2*p(m). Let d(x) = 3*x**2 + 2*x + 3. Let w(y) = -d(y) + 3*s(y). What is w(2)?
-4
Suppose 3*w - 13 = -4*u, 6*u - w + 4 = 7*u. Suppose -5*i = -4*i + u. Let c(g) = -20*g**2 - g. Give c(i).
-19
Let w(i) be the third derivative of i**4/6 + i**3 + 1081*i**2. Determine w(4).
22
Let c(m) be the first derivative of m**5/40 + 200*m**3/3 - 137. Let g(r) be the third derivative of c(r). Calculate g(4).
12
Let v = 55908 - 55908. Let p(g) be the second derivative of -g**3/3 + 7*g**2/2 - g. Determine p(v).
7
Let i(t) = t**3 - 9*t**2 - 6*t + 22. Let j(m) = -m**2 - 10*m - 13. Let g be j(-7). Determine i(g).
-90
Let a(z) = z**3 - z**2 - 3*z - 3. Suppose 3*i + 4*c - 608 = -193, 4*i = 5*c + 605. Let j = 148 - i. Give a(j).
6
Let h(j) be the second derivative of j**3/6 + j**2 - 1453*j. Determine h(-8).
-6
Let s(g) = -g**3 - 8*g**2 - 8*g - 5. Suppose -4*f + 29 = -15. Suppose -4 = 9*a - f*a. Suppose -a*v - 28 + 14 = 0. Determine s(v).
2
Let o(w) = -w**2 + w + 2. Let k(c) = 6*c**2 - 5*c - 11. Let v(i) = -2*k(i) - 11*o(i). Let s(z) = -4*z + 1. Let y(f) = s(f) - 4*v(f). What is y(-1)?
5
Let y(i) = -i**3 + 13*i**2 - i + 28. Let r be y(0). Suppose 3*g = -w - 11 + r, 2*w - 3*g = 7. Let z(u) = 4*u - 4. Calculate z(w).
28
Let l(m) = -m**3 - 6*m**2 - 4*m - 10. Suppose 4*p + 21 = -3*x, -557*x = 5*p - 554*x + 27. Calculate l(p).
14
Let l(w) = w**2 - 5*w - 83. Let s be l(-7). Let v(y) = y + 1. Let n(t) = t**3 - 3*t**2 + 5*t + 6. Let c(f) = s*n(f) - 6*v(f). Determine c(4).
12
Let h = 90 + -191. Let i = h + 105. Let m(z) = -5*z + 3. Calculate m(i).
-17
Suppose -107 = -7*v + 54. Let s = -19 + v. Let c(p) = p**2 - s - 58*p + 59*p - 2*p**2 + 2*p**2. What is c(3)?
8
Let i(h) = -h**2 + h - 1. Let l(c) = 3*c**2 - 2*c + 8. Suppose -3*w - 4*s + 7 = -6*s, -3*w - 1 = 2*s. Let f(q) = w*l(q) + 4*i(q). Determine f(5).
-11
Let p = 40 + -35. Suppose -p*h + 9*h =